 - 4*x**2 - 11*x - 4. Let g(c) = 2*s(c) + 3*w(c). What is the units digit of g(8)?
1
Suppose -7*g = 114 - 513. What is the units digit of g?
7
Let l be 1*(-1 + 2) + 5. Suppose 0 = -b + l*b + 10. What is the units digit of ((-51)/(-12))/(b/(-8))?
7
Suppose 5*n = -2*l + 63, -4*l + 45 = -2*n - 93. What is the tens digit of l?
3
Suppose -2*o + 4*y + 60 = 0, 44 = 2*o - 2*y - 24. Suppose -104 = -3*n - o. What is the units digit of n?
2
Suppose 5*g + 19 = 59. What is the units digit of g?
8
Suppose -4*f + 2*f + 46 = 0. What is the units digit of f?
3
Let p be (-3)/(-5)*(5 + 0). Suppose 2*c = q - 3, -2*c + p*q + 2 = -1. What is the units digit of 5 - -3 - (-1 - c)?
6
Suppose -j - 6 = -3*j. Suppose -d + 5 = -4*q - 6, -j*q = 6. What is the units digit of -12*(-3 - (-7)/d)?
8
Suppose 0 = -6*i + i - 15. What is the units digit of (-9 + (-9)/i)/(-1)?
6
Let x(b) = 3*b**2 - 3*b - 2. What is the units digit of x(-3)?
4
Let u be 10/8 + 5/(-20). Let k = 3 - u. What is the units digit of k?
2
Let g(s) = -16*s - 9. What is the tens digit of g(-3)?
3
Let v(n) = -9*n**2 + n. Let c be v(1). Let f = c + 6. What is the units digit of f/3 + (-53)/(-3)?
7
Let i(r) = -r**3 + 5*r**2 + 3*r + 1. Let t be (-10)/((-1 - -7)/(-3)). What is the tens digit of i(t)?
1
Let h = -6 - -6. Suppose h = 5*v - 13 - 2. Suppose -2*p = 5*g - 30, -3*g + 20 + 19 = -v*p. What is the units digit of g?
8
Suppose -f = -0*f + 2*o - 2, 5 = 3*f + 5*o. Suppose -5*t - 12 = -4*x, f = 3*x - 2*t - t - 6. What is the units digit of 32/4 - x/(-1)?
6
Let m(h) = h**2 - 9*h + 2*h**2 + 7 - 3*h**3 + h**3 + 14*h. What is the tens digit of m(-2)?
2
Let u(t) = -t + 6. Let n(v) = -v + 6. Let b(r) = -4*n(r) + 5*u(r). Suppose 6*q - 2*q - 15 = -a, -5*q + 4*a + 24 = 0. What is the units digit of b(q)?
2
Suppose r + r = 104. Suppose -b + 5*b = r. What is the tens digit of b?
1
Let z = -323 + 553. Suppose 8*w - 3*w = z. What is the tens digit of w?
4
Suppose 0 = 49*j - 52*j + 507. What is the hundreds digit of j?
1
Suppose 4*k + 11 = 2*a - 21, 5*k = 25. What is the units digit of a?
6
What is the hundreds digit of (62/3)/((-27)/(-243))?
1
Suppose 2 = 5*q - 23. Suppose 4*v + 0*m - 20 = 5*m, 0 = 2*v - q*m. What is the tens digit of v?
1
Let f = 115 - 62. What is the tens digit of f?
5
Suppose 3*s - 49 = 5*p - 246, -3*p - 4*s + 124 = 0. What is the units digit of p?
0
Suppose 3*v - 4*g = 585 + 328, -881 = -3*v - 4*g. What is the tens digit of v?
9
Suppose -t - 20 = -5*t. Suppose 5*f + 30 = t*i, -7 = -2*i + 5*f + 11. Suppose -d + 12 = -4*y, -i*y - 16 = -5*d + 3*d. What is the units digit of d?
4
Let m = -16 - -17. Let t(g) = 6*g - 2. What is the units digit of t(m)?
4
Let m(c) = c**2. Let z be m(-3). What is the tens digit of 2*z - 7/7?
1
Let f(g) = -3*g + 4*g + 8 + 5. Let o be f(-9). Suppose o*l - 11 = 5. What is the units digit of l?
4
Let i(u) = u**3 + 4*u**2 - 6*u - 2. Let d be i(-5). Let j = d + -3. Suppose -5*n - 5*p - 3 - 2 = j, -4*n = 2*p. What is the units digit of n?
1
Let y = -3 - -7. What is the units digit of 34/4 + (-2)/y?
8
Let z(d) = d**2 - 2*d**2 + 2*d**2 + d**3. Let h be z(-1). What is the units digit of (0 + h + -5)*-2?
0
Suppose -4*s = 2*o - 30, -4*s = -o - s - 10. Suppose 56 = o*z - z. What is the tens digit of z?
1
Let a(h) = h**3 - 2*h**2 - 3*h + 2. Let r be a(2). Let x be 8/3*18/8. Let b = x + r. What is the units digit of b?
2
What is the units digit of ((-40)/24)/(1/(-18))?
0
Let i = 284 + -189. What is the tens digit of i?
9
Suppose -2 = 2*p, 2*p + 32 = 2*a + a. What is the tens digit of a?
1
Let y be 60/(-18)*12/(-10). Suppose -d - 6*o = -3*o - 18, -y*o = -3*d + 41. Suppose c + h = 4*h, 2*h - d = -c. What is the units digit of c?
9
Suppose -6*v - 61 = -3*v - 5*s, 58 = -4*v + 2*s. Let j = 11 - v. What is the units digit of j?
3
Let g(f) = f**3 - f**2 + 3. Suppose 0 = -4*s - s. Let x be g(s). Suppose -2*k = 10, 42 = 5*m - x*m - 4*k. What is the tens digit of m?
1
Suppose -24 - 19 = i. Let b = i - -85. What is the tens digit of b?
4
Let j(g) = -g - 3. Let i(o) = -o**3 - 3*o**2 + o - 1. Let k be i(-3). Let s = k - 4. What is the units digit of j(s)?
5
Suppose -3*s = -77 - 100. Let c = 86 - s. What is the units digit of c?
7
Let t(a) = -a**2 + 13*a - 9. Let f be t(12). What is the tens digit of ((-2)/4)/(f/(-144))?
2
Let b(g) = 2*g - 2. Let n be b(3). Suppose 3 + n = i. Let z(r) = 3*r - 9. What is the tens digit of z(i)?
1
Let m(g) = g**2 + 6*g + 9. Suppose 0 = 2*r + p + 17, -4*p + 14 = -4*r - 2*p. What is the units digit of m(r)?
9
Let g(v) = -v**3 - 4*v**2 + 4*v - 1. Let y be g(-5). Suppose 2*u - 4*r + 16 = 0, -r - 3 = -y*u - 0. Suppose 3 = u*p - p. What is the units digit of p?
3
Suppose 2*u + 3*n - 15 = 0, -12 - 9 = -2*u - 5*n. Let a(q) = -q**3 + 4*q**2 - 2*q + 1. Let x be a(u). Suppose 0 = -x*o + 29 + 7. What is the units digit of o?
9
Suppose 4*n - n = 480. What is the units digit of n?
0
Let l(v) = 6*v**2 - 1. Let w be l(-1). Let z(k) = 4 - 5 - k**3 + 2*k**2 + w + 2*k. What is the units digit of z(3)?
1
Suppose -k = -j + 56 + 38, 0 = -4*j + k + 385. What is the units digit of j?
7
Let n(y) = y + 27. What is the units digit of n(5)?
2
Let t = 177 + 156. What is the hundreds digit of t?
3
Suppose 4*a + 24 = -4*h, 3*h - 3*a = 9 - 3. What is the units digit of (-3)/h*(28 + -6)?
3
Suppose -n = n - 18. What is the units digit of n?
9
Let m(n) = 8*n**3 - 4*n**3 + n**2 + 0 - 3. What is the units digit of m(2)?
3
Suppose 2*u - 3*z + 5*z - 568 = 0, 2*z + 1154 = 4*u. What is the tens digit of u?
8
Let z(y) = -y**3 + 2*y**2 + 2*y + 3. Let g be z(-2). Suppose -4*d + g = d. What is the units digit of d?
3
What is the units digit of 2 + (-3)/(12/(-1136))?
6
Let q be 4 - 6 - (-27 - 0). Suppose -r + 18 = -h, r + 2*h + 7 = q. What is the tens digit of r?
1
Let d(v) = v**2 + 4*v - 3. Let y = -5 + 6. Suppose 2*c = 3*z - y - 6, c = 5*z. What is the units digit of d(c)?
2
Suppose 0 = 3*u - 0*u + 96. Let l = 0 - u. What is the units digit of l?
2
Suppose -51 - 9 = -6*a. What is the units digit of a?
0
Let l(s) = -s**3 + s - 2. Let w be l(-2). Suppose -9 + 1 = w*a. What is the units digit of (25/10)/(a/(-4))?
5
Let c be -1*4*(-1 + 0). Let b(r) = -2*r + 4. Let t(g) = g - 3. Let p(z) = c*b(z) + 6*t(z). What is the units digit of p(-6)?
0
Let c be (-5 + 6/2)*-1. Let j be (-16)/c*(-2)/4. Suppose -45 = -j*r + r. What is the tens digit of r?
1
Let n = 2 + 3. Let t(r) = n*r**3 + 5*r + 3 + 4*r**2 + 1 - 6*r**3. What is the units digit of t(5)?
4
Let v(w) = w**3 + 4*w**2 - 5*w + 2. Let s be v(-5). Let y(j) = -j**3 + 4*j**2 + 6*j - 3. Let c be y(5). Suppose s*t = -c*t + 36. What is the units digit of t?
9
Suppose u = -5 + 8. Let t = u - -8. What is the tens digit of t?
1
What is the units digit of 3/2*(2 - -22)/4?
9
Let h(s) = 8*s - 10. What is the tens digit of h(5)?
3
Let i(n) = 4*n. Let c be i(4). Let m be c/(-10) - (-10)/(-25). What is the units digit of m/3 + 28/6?
4
Let d(c) = 35*c. What is the units digit of d(2)?
0
Let h = 175 + -91. What is the units digit of h?
4
Let h = 12 + -16. What is the units digit of ((-2)/3)/(h/18)?
3
Let i be (2 - 1) + -4 + -2. What is the units digit of (1*i)/((-4)/20)?
5
Suppose 0 = -4*r + 2*r + 16. Let w = r - 17. Let g(m) = -m**3 - 9*m**2 + 3. What is the units digit of g(w)?
3
Let b(c) = -4*c - 9. What is the tens digit of b(-6)?
1
Let a = 121 - 13. What is the tens digit of a?
0
Suppose -5*k = -k - 916. What is the hundreds digit of k?
2
Let m be 1/(-2) - 65/10. Let u = 13 + m. What is the tens digit of (-3)/u*2*-17?
1
Suppose -3*s = -13 - 2. Suppose -k + 61 = 3*q + k, 9 = q - s*k. What is the tens digit of q?
1
Let k = -13 - -18. Suppose 2*i = 3*w - 4*w + 4, -k*w + i + 20 = 0. What is the units digit of w?
4
What is the units digit of 1 - 1 - -191 - (-1 - -3)?
9
Let z(i) = 3*i**2 - 9*i - 4. What is the hundreds digit of z(8)?
1
Suppose -4*h + 3*h = 0. Suppose -6*t + 4*t + 12 = h. What is the units digit of t?
6
Suppose 5*c = -20, -5*o = -2*c - 4 - 4. Let j = o + 3. Suppose 0 = 2*v + j*v - 65. What is the tens digit of v?
1
Let m = -103 + 174. What is the units digit of m?
1
Suppose 90 - 266 = -4*v. What is the tens digit of v?
4
Suppose 4*k - 36 - 4 = 0. Let s = 0 - k. Let u = 17 + s. What is the units digit of u?
7
Suppose 0 = 5*p - 4*u + 125 - 812, 0 = -5*p - 4*u + 703. What is the